igit of 270753?
0
What is the ten thousands digit of 3800664?
0
What is the thousands digit of 1530791?
0
What is the hundred thousands digit of 667262?
6
What is the millions digit of 1725038?
1
What is the millions digit of 3262280?
3
What is the units digit of 16192292?
2
What is the hundreds digit of 3578057?
0
What is the hundred thousands digit of 219761?
2
What is the ten thousands digit of 4817254?
1
What is the hundred thousands digit of 6103248?
1
What is the thousands digit of 118857?
8
What is the millions digit of 2759115?
2
What is the tens digit of 424072?
7
What is the tens digit of 22746?
4
What is the ten thousands digit of 293516?
9
What is the thousands digit of 21179008?
9
What is the tens digit of 3413446?
4
What is the ten thousands digit of 214656?
1
What is the hundred thousands digit of 1533978?
5
What is the tens digit of 216237?
3
What is the ten thousands digit of 19565754?
6
What is the thousands digit of 227402?
7
What is the tens digit of 1675?
7
What is the millions digit of 1425232?
1
What is the tens digit of 5135870?
7
What is the tens digit of 2451550?
5
What is the hundred thousands digit of 126381?
1
What is the ten millions digit of 12599626?
1
What is the ten millions digit of 24982576?
2
What is the thousands digit of 160200?
0
What is the thousands digit of 2359036?
9
What is the hundreds digit of 1007760?
7
What is the ten thousands digit of 312469?
1
What is the hundreds digit of 21691147?
1
What is the thousands digit of 264729?
4
What is the ten thousands digit of 315148?
1
What is the hundred thousands digit of 665582?
6
What is the tens digit of 1499677?
7
What is the ten thousands digit of 222028?
2
What is the millions digit of 2608492?
2
What is the ten thousands digit of 382201?
8
What is the thousands digit of 827771?
7
What is the hundred thousands digit of 15563591?
5
What is the tens digit of 7268286?
8
What is the tens digit of 121688?
8
What is the tens digit of 4257608?
0
What is the hundred thousands digit of 466921?
4
What is the ten thousands digit of 1300352?
0
What is the units digit of 607388?
8
What is the millions digit of 7959281?
7
What is the hundred thousands digit of 666007?
6
What is the hundreds digit of 2012441?
4
What is the hundred thousands digit of 216051?
2
What is the units digit of 41216352?
2
What is the tens digit of 4696206?
0
What is the hundreds digit of 474844?
8
What is the tens digit of 116183?
8
What is the tens digit of 858605?
0
What is the hundreds digit of 102915?
9
What is the thousands digit of 122705?
2
What is the hundreds digit of 784670?
6
What is the units digit of 1771874?
4
What is the tens digit of 13960591?
9
What is the tens digit of 1402549?
4
What is the thousands digit of 665012?
5
What is the hundred thousands digit of 4441292?
4
What is the ten thousands digit of 6257934?
5
What is the millions digit of 1888237?
1
What is the thousands digit of 4603887?
3
What is the tens digit of 5625531?
3
What is the hundreds digit of 928307?
3
What is the units digit of 50798?
8
What is the ten thousands digit of 12731102?
3
What is the ten thousands digit of 1050708?
5
What is the ten thousands digit of 4103444?
0
What is the ten thousands digit of 303441?
0
What is the hundred thousands digit of 10950990?
9
What is the thousands digit of 22158511?
8
What is the thousands digit of 1832939?
2
What is the tens digit of 465123?
2
What is the ten millions digit of 18984533?
1
What is the tens digit of 180158?
5
What is the millions digit of 6044493?
6
What is the ten thousands digit of 392491?
9
What is the ten thousands digit of 522300?
2
What is the millions digit of 1543951?
1
What is the tens digit of 478926?
2
What is the millions digit of 11461835?
1
What is the thousands digit of 3839628?
9
What is the units digit of 4661818?
8
What is the units digit of 2080735?
5
What is the hundred thousands digit of 208280?
2
What is the hundreds digit of 204494?
4
What is the thousands digit of 270100?
0
What is the hundred thousands digit of 1408522?
4
What is the thousands digit of 244451?
4
What is the hundreds digit of 3563221?
2
What is the ten thousands digit of 3251936?
5
What is the tens digit of 741123?
2
What is the thousands digit of 616349?
6
What is the hundreds digit of 271259?
2
What is the thousands digit of 1796985?
6
What is the units digit of 967510?
0
What is the millions digit of 5971578?
5
What is the millions digit of 20367636?
0
What is the ten thousands digit of 1217666?
1
What is the ten thousands digit of 906874?
0
What is the millions digit of 18888041?
8
What is the ten thousands digit of 10511500?
1
What is the ten thousands digit of 1631940?
3
What is the units digit of 8779638?
8
What is the thousands digit of 1188238?
8
What is the tens digit of 174589?
8
What is the tens digit of 848081?
8
What is the ten thousands digit of 283012?
8
What is the millions digit of 2180200?
2
What is the ten thousands digit of 276254?
7
What is the thousands digit of 11623472?
3
What is the ten thousands digit of 24811379?
1
What is the thousands digit of 1879722?
9
What is the tens digit of 110059?
5
What is the ten thousands digit of 3660400?
6
What is the ten thousands digit of 30040774?
4
What is the millions digit of 16801640?
6
What is the units digit of 864102?
2
What is the ten thousands digit of 230620?
3
What is the hundred thousands digit of 2477179?
4
What is the hundred thousands digit of 792837?
7
What is the millions digit of 21809678?
1
What is the tens digit of 826776?
7
What is the hundred thousands digit of 118850?
1
What is the tens digit of 45298?
9
What is the tens digit of 10972254?
5
What is the ten thousands digit of 1205837?
0
What is the hundred thousands digit of 2800370?
8
What is the units digit of 43121?
1
What is the hundreds digit of 174093?
0
What is the hundreds digit of 32213259?
2
What is the units digit of 13387883?
3
What is the ten thousands digit of 5366157?
6
What is the tens digit of 147309?
0
What is the thousands digit of 219164?
9
What is the hundred thousands digit of 137368?
1
What is the hundreds digit of 1293096?
0
What is the units digit of 160028?
8
What is the hundred thousands digit of 265899?
2
What is the ten thousands digit of 106926?
0
What is the hundred thousands digit of 1666642?
6
What is the thousands digit of 2901301?
1
What is the hundreds digit of 358504?
5
What is the hundred thousands digit of 19243197?
2
What is the units digit of 726660?
0
What is the hundred thousands digit of 11669100?
6
What is the ten thousands digit of 3616041?
1
What is the hundreds digit of 7267208?
2
What is the hundred thousands digit of 26183405?
1
What is the thousands digit of 3218782?
8
What is the ten thousands digit of 1068631?
6
What is the thousands digit of 1889836?
9
What is the hundred thousands digit of 1397828?
3
What is the thousands digit of 607309?
7
What is the units digit of 247936?
6
What is the hundred thousands digit of 31703481?
7
What is the tens digit of 45443?
4
What is the hundred thousands digit of 18267939?
2
What is the thousands digit of 854193?
4
What is the millions digit of 14010206?
4
What is the hundred thousands digit of 241574?
2
What is the hundreds digit of 8894340?
3
What is the units digit of 13626397?
7
What is the thousands digit of 706690?
6
What is the thousands digit of 398797?
8
What is the ten thousands digit of 3549975?
4
What is the hundred thousands digit of 385689?
3
What is the hundred thousands digit of 373626?
3
What is the millions digit of 5881298?
5
What is the hundreds digit of 266925?
9
What is the thousands digit of 513878?
3
What is the thousands digit of 2046333?
6
What is the units digit of 292981?
1
What is the thousands digit of 881360?
1
What is the millions digit of 1960819?
1
What is the tens digit of 4820969?
6
What is the tens digit of 202151?
5
What is the millions digit of 6133919?
6
What is the millions digit of 1373285?
1
What is the thousands digit of 3254829?
4
What is the units digit of 3364711?
1
What is the hundreds digit of 18294804?
8
What is the hundreds digit of 4247530?
5
What is the units digit of 1554549?
9
What is the hundred thousands digit of 1404386?
4
What is the thousands digit of 570651?
0
What is